{"id":247,"date":"2020-12-10T02:53:57","date_gmt":"2020-12-10T01:53:57","guid":{"rendered":"http:\/\/keramikamili.cz\/web\/?page_id=247"},"modified":"2020-12-10T03:11:45","modified_gmt":"2020-12-10T02:11:45","slug":"certifikat","status":"publish","type":"page","link":"http:\/\/keramikamili.cz\/web\/certifikat\/","title":{"rendered":"Certifik\u00e1t &#8222;MORAVSK\u00c1 BR\u00c1NA&#8220;"},"content":{"rendered":"\n<figure class=\"wp-block-gallery columns-1 is-cropped\"><ul class=\"blocks-gallery-grid\"><li class=\"blocks-gallery-item\"><figure><a href=\"http:\/\/keramikamili.cz\/web\/wp-content\/uploads\/2020\/12\/certifikat.jpg\"><img loading=\"lazy\" width=\"563\" height=\"793\" src=\"http:\/\/keramikamili.cz\/web\/wp-content\/uploads\/2020\/12\/certifikat.jpg\" alt=\"\" data-id=\"261\" data-full-url=\"http:\/\/keramikamili.cz\/web\/wp-content\/uploads\/2020\/12\/certifikat.jpg\" data-link=\"http:\/\/keramikamili.cz\/web\/certifikat\/certifikat-3\/#main\" class=\"wp-image-261\" srcset=\"http:\/\/keramikamili.cz\/web\/wp-content\/uploads\/2020\/12\/certifikat.jpg 563w, http:\/\/keramikamili.cz\/web\/wp-content\/uploads\/2020\/12\/certifikat-213x300.jpg 213w\" sizes=\"(max-width: 563px) 100vw, 563px\" \/><\/a><\/figure><\/li><\/ul><\/figure>\n\n\n\n<p><\/p>\n","protected":false},"excerpt":{"rendered":"","protected":false},"author":1,"featured_media":0,"parent":0,"menu_order":0,"comment_status":"closed","ping_status":"closed","template":"","meta":[],"_links":{"self":[{"href":"http:\/\/keramikamili.cz\/web\/wp-json\/wp\/v2\/pages\/247"}],"collection":[{"href":"http:\/\/keramikamili.cz\/web\/wp-json\/wp\/v2\/pages"}],"about":[{"href":"http:\/\/keramikamili.cz\/web\/wp-json\/wp\/v2\/types\/page"}],"author":[{"embeddable":true,"href":"http:\/\/keramikamili.cz\/web\/wp-json\/wp\/v2\/users\/1"}],"replies":[{"embeddable":true,"href":"http:\/\/keramikamili.cz\/web\/wp-json\/wp\/v2\/comments?post=247"}],"version-history":[{"count":4,"href":"http:\/\/keramikamili.cz\/web\/wp-json\/wp\/v2\/pages\/247\/revisions"}],"predecessor-version":[{"id":262,"href":"http:\/\/keramikamili.cz\/web\/wp-json\/wp\/v2\/pages\/247\/revisions\/262"}],"wp:attachment":[{"href":"http:\/\/keramikamili.cz\/web\/wp-json\/wp\/v2\/media?parent=247"}],"curies":[{"name":"wp","href":"https:\/\/api.w.org\/{rel}","templated":true}]}}